{"id":8756,"date":"2022-05-22T18:33:43","date_gmt":"2022-05-22T18:33:43","guid":{"rendered":"https:\/\/affectionate-mestorf.212-227-211-20.plesk.page\/index.php\/product\/imprimante-de-marque-hp-de-model-m3015-d-pas-chere-au-cameroun\/"},"modified":"2022-05-22T18:33:43","modified_gmt":"2022-05-22T18:33:43","slug":"imprimante-de-marque-hp-de-model-m3015-d-pas-chere-au-cameroun","status":"publish","type":"product","link":"https:\/\/affectionate-mestorf.212-227-211-20.plesk.page\/index.php\/product\/imprimante-de-marque-hp-de-model-m3015-d-pas-chere-au-cameroun\/","title":{"rendered":"IMPRIMANTE DE MARQUE HP DE MODEL M3015 d PAS CHERE AU CAMEROUN"},"content":{"rendered":"<p>Technologie d&rsquo;impression Impression LaserJet Entreprise Monochrome<\/p>\n<p> Fonctions Imprime uniquement<br \/>\n Cartouches d&rsquo;impression HP 55A noir (6000 pages)<br \/>\n Vitesse d&rsquo;impression Jusqu&rsquo;\u00e0 40 ppm<br \/>\n Qualit\u00e9 d&rsquo;impression Jusqu&rsquo;\u00e0 1200 x 1200 PPP<br \/>\n Cycle d&rsquo;utilisation Jusqu&rsquo;\u00e0 100 000 pages (mensuel, A4)<br \/>\n Connectivit\u00e9 USB 2.0 ; h\u00f4te USB 2.0<br \/>\n Impression recto\/verso OUI<br \/>\n Processeur 540 MHz<br \/>\n M\u00e9moire 96 Mo<br \/>\n Capacit\u00e9 bac papier bac multifonction de 250 feuilles<br \/>\n Formats de supports pris en charge Bac universel 1 :A4, A5, A6, B5 (JIS), B6 (JIS), RA4, 10 x 15 cm, enveloppe (ISO DL, ISO C5, ISO C6, ISO B5)<br \/>\n Ecran Ecran LCD couleur<br \/>\n Types de support pris en charge Enveloppes, papier uni, \u00e9tiquettes, papier recycl\u00e9, papier lourd, papier fin, cartes postales<br \/>\n Poids net 15.9 kg<br \/>\n C\u00e2ble fourni un c\u00e2ble USB non fourni<br \/>\n Consommation 780w<\/p>\n","protected":false},"excerpt":{"rendered":"<p>Obtenez une impression haute performance rapide avec les fonctions de s\u00e9curit\u00e9 avanc\u00e9es et d\u00e9veloppez vos besoins d&rsquo;entreprise changeants. Id\u00e9al pour les entreprises devant imprimer des volumes \u00e9lev\u00e9s et des documents confidentiels sur divers types de support.<br \/>\n Id\u00e9al pour les responsables d&rsquo;environnements professionnels g\u00e9r\u00e9s, tels que les entreprises centr\u00e9es sur la s\u00e9curit\u00e9 (par ex., entreprises juridiques ou agences gouvernementales), prenant en charge de petites \u00e9quipes de travail (8-10 utilisateurs) et n\u00e9cessitant des r\u00e9sultats rapides haute qualit\u00e9.<br \/>\n &#8211; Recommencez \u00e0 travailler rapidement avec des vitesses d&rsquo;impression jusqu&rsquo;\u00e0 40 ppm A4 et une sortie rapide de la 1\u00e8re page avec la technologie de fusion instantan\u00e9e. Traitez et partagez rapidement de larges fichiers complexes avec un processeur 540 MHz, jusqu&rsquo;\u00e0 640 Mo de m\u00e9moire \u00e9volutive et une mise en r\u00e9seau gigabit.<br \/>\n &#8211; D\u00e9veloppez votre activit\u00e9 changeante avec un logement EIO ouvert et trois ports h\u00f4tes USB 2.0 haut d\u00e9bit. Le logement de m\u00e9moire ouvert de l&rsquo;imprimante vous permet d&rsquo;ajouter jusqu&rsquo;\u00e0 512 Mo de m\u00e9moire. Faites-en davantage avec la gestion papier robuste et un bac d&rsquo;entr\u00e9e maximum de 1600 feuilles.<\/p>\n","protected":false},"featured_media":8708,"template":"","meta":[],"product_cat":[204],"product_tag":[],"class_list":["post-8756","product","type-product","status-publish","has-post-thumbnail","hentry","product_cat-imprimante"],"yoast_head":"<!-- This site is optimized with the Yoast SEO plugin v19.9 - https:\/\/yoast.com\/wordpress\/plugins\/seo\/ -->\n<title>IMPRIMANTE DE MARQUE HP DE MODEL M3015 d PAS CHERE AU CAMEROUN - Dream Millenium Computer<\/title>\n<meta name=\"robots\" content=\"index, follow, max-snippet:-1, max-image-preview:large, max-video-preview:-1\" \/>\n<link rel=\"canonical\" href=\"https:\/\/affectionate-mestorf.212-227-211-20.plesk.page\/index.php\/product\/imprimante-de-marque-hp-de-model-m3015-d-pas-chere-au-cameroun\/\" \/>\n<meta property=\"og:locale\" content=\"fr_FR\" \/>\n<meta property=\"og:type\" content=\"article\" \/>\n<meta property=\"og:title\" content=\"IMPRIMANTE DE MARQUE HP DE MODEL M3015 d PAS CHERE AU CAMEROUN - Dream Millenium Computer\" \/>\n<meta property=\"og:description\" content=\"Obtenez une impression haute performance rapide avec les fonctions de s\u00e9curit\u00e9 avanc\u00e9es et d\u00e9veloppez vos besoins d&#039;entreprise changeants. Id\u00e9al pour les entreprises devant imprimer des volumes \u00e9lev\u00e9s et des documents confidentiels sur divers types de support.  Id\u00e9al pour les responsables d&#039;environnements professionnels g\u00e9r\u00e9s, tels que les entreprises centr\u00e9es sur la s\u00e9curit\u00e9 (par ex., entreprises juridiques ou agences gouvernementales), prenant en charge de petites \u00e9quipes de travail (8-10 utilisateurs) et n\u00e9cessitant des r\u00e9sultats rapides haute qualit\u00e9.  - Recommencez \u00e0 travailler rapidement avec des vitesses d&#039;impression jusqu&#039;\u00e0 40 ppm A4 et une sortie rapide de la 1\u00e8re page avec la technologie de fusion instantan\u00e9e. Traitez et partagez rapidement de larges fichiers complexes avec un processeur 540 MHz, jusqu&#039;\u00e0 640 Mo de m\u00e9moire \u00e9volutive et une mise en r\u00e9seau gigabit.  - D\u00e9veloppez votre activit\u00e9 changeante avec un logement EIO ouvert et trois ports h\u00f4tes USB 2.0 haut d\u00e9bit. Le logement de m\u00e9moire ouvert de l&#039;imprimante vous permet d&#039;ajouter jusqu&#039;\u00e0 512 Mo de m\u00e9moire. Faites-en davantage avec la gestion papier robuste et un bac d&#039;entr\u00e9e maximum de 1600 feuilles.\" \/>\n<meta property=\"og:url\" content=\"https:\/\/affectionate-mestorf.212-227-211-20.plesk.page\/index.php\/product\/imprimante-de-marque-hp-de-model-m3015-d-pas-chere-au-cameroun\/\" \/>\n<meta property=\"og:site_name\" content=\"Dream Millenium Computer\" \/>\n<meta name=\"twitter:card\" content=\"summary_large_image\" \/>\n<meta name=\"twitter:label1\" content=\"Dur\u00e9e de lecture estim\u00e9e\" \/>\n\t<meta name=\"twitter:data1\" content=\"1 minute\" \/>\n<script type=\"application\/ld+json\" class=\"yoast-schema-graph\">{\"@context\":\"https:\/\/schema.org\",\"@graph\":[{\"@type\":\"WebPage\",\"@id\":\"https:\/\/affectionate-mestorf.212-227-211-20.plesk.page\/index.php\/product\/imprimante-de-marque-hp-de-model-m3015-d-pas-chere-au-cameroun\/\",\"url\":\"https:\/\/affectionate-mestorf.212-227-211-20.plesk.page\/index.php\/product\/imprimante-de-marque-hp-de-model-m3015-d-pas-chere-au-cameroun\/\",\"name\":\"IMPRIMANTE DE MARQUE HP DE MODEL M3015 d PAS CHERE AU CAMEROUN - Dream Millenium Computer\",\"isPartOf\":{\"@id\":\"https:\/\/affectionate-mestorf.212-227-211-20.plesk.page\/#website\"},\"datePublished\":\"2022-05-22T18:33:43+00:00\",\"dateModified\":\"2022-05-22T18:33:43+00:00\",\"breadcrumb\":{\"@id\":\"https:\/\/affectionate-mestorf.212-227-211-20.plesk.page\/index.php\/product\/imprimante-de-marque-hp-de-model-m3015-d-pas-chere-au-cameroun\/#breadcrumb\"},\"inLanguage\":\"fr-FR\",\"potentialAction\":[{\"@type\":\"ReadAction\",\"target\":[\"https:\/\/affectionate-mestorf.212-227-211-20.plesk.page\/index.php\/product\/imprimante-de-marque-hp-de-model-m3015-d-pas-chere-au-cameroun\/\"]}]},{\"@type\":\"BreadcrumbList\",\"@id\":\"https:\/\/affectionate-mestorf.212-227-211-20.plesk.page\/index.php\/product\/imprimante-de-marque-hp-de-model-m3015-d-pas-chere-au-cameroun\/#breadcrumb\",\"itemListElement\":[{\"@type\":\"ListItem\",\"position\":1,\"name\":\"Home\",\"item\":\"https:\/\/affectionate-mestorf.212-227-211-20.plesk.page\/\"},{\"@type\":\"ListItem\",\"position\":2,\"name\":\"Shop\",\"item\":\"https:\/\/affectionate-mestorf.212-227-211-20.plesk.page\/index.php\/shop\/\"},{\"@type\":\"ListItem\",\"position\":3,\"name\":\"IMPRIMANTE DE MARQUE HP DE MODEL M3015 d PAS CHERE AU CAMEROUN\"}]},{\"@type\":\"WebSite\",\"@id\":\"https:\/\/affectionate-mestorf.212-227-211-20.plesk.page\/#website\",\"url\":\"https:\/\/affectionate-mestorf.212-227-211-20.plesk.page\/\",\"name\":\"Dream Millenium Computer\",\"description\":\"Vous servir, Notre R\u00eave\",\"potentialAction\":[{\"@type\":\"SearchAction\",\"target\":{\"@type\":\"EntryPoint\",\"urlTemplate\":\"https:\/\/affectionate-mestorf.212-227-211-20.plesk.page\/?s={search_term_string}\"},\"query-input\":\"required name=search_term_string\"}],\"inLanguage\":\"fr-FR\"}]}<\/script>\n<!-- \/ Yoast SEO plugin. -->","yoast_head_json":{"title":"IMPRIMANTE DE MARQUE HP DE MODEL M3015 d PAS CHERE AU CAMEROUN - Dream Millenium Computer","robots":{"index":"index","follow":"follow","max-snippet":"max-snippet:-1","max-image-preview":"max-image-preview:large","max-video-preview":"max-video-preview:-1"},"canonical":"https:\/\/affectionate-mestorf.212-227-211-20.plesk.page\/index.php\/product\/imprimante-de-marque-hp-de-model-m3015-d-pas-chere-au-cameroun\/","og_locale":"fr_FR","og_type":"article","og_title":"IMPRIMANTE DE MARQUE HP DE MODEL M3015 d PAS CHERE AU CAMEROUN - Dream Millenium Computer","og_description":"Obtenez une impression haute performance rapide avec les fonctions de s\u00e9curit\u00e9 avanc\u00e9es et d\u00e9veloppez vos besoins d'entreprise changeants. Id\u00e9al pour les entreprises devant imprimer des volumes \u00e9lev\u00e9s et des documents confidentiels sur divers types de support.  Id\u00e9al pour les responsables d'environnements professionnels g\u00e9r\u00e9s, tels que les entreprises centr\u00e9es sur la s\u00e9curit\u00e9 (par ex., entreprises juridiques ou agences gouvernementales), prenant en charge de petites \u00e9quipes de travail (8-10 utilisateurs) et n\u00e9cessitant des r\u00e9sultats rapides haute qualit\u00e9.  - Recommencez \u00e0 travailler rapidement avec des vitesses d'impression jusqu'\u00e0 40 ppm A4 et une sortie rapide de la 1\u00e8re page avec la technologie de fusion instantan\u00e9e. Traitez et partagez rapidement de larges fichiers complexes avec un processeur 540 MHz, jusqu'\u00e0 640 Mo de m\u00e9moire \u00e9volutive et une mise en r\u00e9seau gigabit.  - D\u00e9veloppez votre activit\u00e9 changeante avec un logement EIO ouvert et trois ports h\u00f4tes USB 2.0 haut d\u00e9bit. Le logement de m\u00e9moire ouvert de l'imprimante vous permet d'ajouter jusqu'\u00e0 512 Mo de m\u00e9moire. Faites-en davantage avec la gestion papier robuste et un bac d'entr\u00e9e maximum de 1600 feuilles.","og_url":"https:\/\/affectionate-mestorf.212-227-211-20.plesk.page\/index.php\/product\/imprimante-de-marque-hp-de-model-m3015-d-pas-chere-au-cameroun\/","og_site_name":"Dream Millenium Computer","twitter_card":"summary_large_image","twitter_misc":{"Dur\u00e9e de lecture estim\u00e9e":"1 minute"},"schema":{"@context":"https:\/\/schema.org","@graph":[{"@type":"WebPage","@id":"https:\/\/affectionate-mestorf.212-227-211-20.plesk.page\/index.php\/product\/imprimante-de-marque-hp-de-model-m3015-d-pas-chere-au-cameroun\/","url":"https:\/\/affectionate-mestorf.212-227-211-20.plesk.page\/index.php\/product\/imprimante-de-marque-hp-de-model-m3015-d-pas-chere-au-cameroun\/","name":"IMPRIMANTE DE MARQUE HP DE MODEL M3015 d PAS CHERE AU CAMEROUN - Dream Millenium Computer","isPartOf":{"@id":"https:\/\/affectionate-mestorf.212-227-211-20.plesk.page\/#website"},"datePublished":"2022-05-22T18:33:43+00:00","dateModified":"2022-05-22T18:33:43+00:00","breadcrumb":{"@id":"https:\/\/affectionate-mestorf.212-227-211-20.plesk.page\/index.php\/product\/imprimante-de-marque-hp-de-model-m3015-d-pas-chere-au-cameroun\/#breadcrumb"},"inLanguage":"fr-FR","potentialAction":[{"@type":"ReadAction","target":["https:\/\/affectionate-mestorf.212-227-211-20.plesk.page\/index.php\/product\/imprimante-de-marque-hp-de-model-m3015-d-pas-chere-au-cameroun\/"]}]},{"@type":"BreadcrumbList","@id":"https:\/\/affectionate-mestorf.212-227-211-20.plesk.page\/index.php\/product\/imprimante-de-marque-hp-de-model-m3015-d-pas-chere-au-cameroun\/#breadcrumb","itemListElement":[{"@type":"ListItem","position":1,"name":"Home","item":"https:\/\/affectionate-mestorf.212-227-211-20.plesk.page\/"},{"@type":"ListItem","position":2,"name":"Shop","item":"https:\/\/affectionate-mestorf.212-227-211-20.plesk.page\/index.php\/shop\/"},{"@type":"ListItem","position":3,"name":"IMPRIMANTE DE MARQUE HP DE MODEL M3015 d PAS CHERE AU CAMEROUN"}]},{"@type":"WebSite","@id":"https:\/\/affectionate-mestorf.212-227-211-20.plesk.page\/#website","url":"https:\/\/affectionate-mestorf.212-227-211-20.plesk.page\/","name":"Dream Millenium Computer","description":"Vous servir, Notre R\u00eave","potentialAction":[{"@type":"SearchAction","target":{"@type":"EntryPoint","urlTemplate":"https:\/\/affectionate-mestorf.212-227-211-20.plesk.page\/?s={search_term_string}"},"query-input":"required name=search_term_string"}],"inLanguage":"fr-FR"}]}},"_links":{"self":[{"href":"https:\/\/affectionate-mestorf.212-227-211-20.plesk.page\/index.php\/wp-json\/wp\/v2\/product\/8756","targetHints":{"allow":["GET"]}}],"collection":[{"href":"https:\/\/affectionate-mestorf.212-227-211-20.plesk.page\/index.php\/wp-json\/wp\/v2\/product"}],"about":[{"href":"https:\/\/affectionate-mestorf.212-227-211-20.plesk.page\/index.php\/wp-json\/wp\/v2\/types\/product"}],"wp:featuredmedia":[{"embeddable":true,"href":"https:\/\/affectionate-mestorf.212-227-211-20.plesk.page\/index.php\/wp-json\/wp\/v2\/media\/8708"}],"wp:attachment":[{"href":"https:\/\/affectionate-mestorf.212-227-211-20.plesk.page\/index.php\/wp-json\/wp\/v2\/media?parent=8756"}],"wp:term":[{"taxonomy":"product_cat","embeddable":true,"href":"https:\/\/affectionate-mestorf.212-227-211-20.plesk.page\/index.php\/wp-json\/wp\/v2\/product_cat?post=8756"},{"taxonomy":"product_tag","embeddable":true,"href":"https:\/\/affectionate-mestorf.212-227-211-20.plesk.page\/index.php\/wp-json\/wp\/v2\/product_tag?post=8756"}],"curies":[{"name":"wp","href":"https:\/\/api.w.org\/{rel}","templated":true}]}}