{"id":8744,"date":"2022-05-22T18:33:41","date_gmt":"2022-05-22T18:33:41","guid":{"rendered":"https:\/\/affectionate-mestorf.212-227-211-20.plesk.page\/index.php\/product\/imprimante-de-marque-hp-de-model-254-dw-pas-chere-au-cameroun-2\/"},"modified":"2022-05-22T18:33:41","modified_gmt":"2022-05-22T18:33:41","slug":"imprimante-de-marque-hp-de-model-254-dw-pas-chere-au-cameroun-2","status":"publish","type":"product","link":"https:\/\/affectionate-mestorf.212-227-211-20.plesk.page\/index.php\/product\/imprimante-de-marque-hp-de-model-254-dw-pas-chere-au-cameroun-2\/","title":{"rendered":"IMPRIMANTE DE MARQUE HP DE MODEL 254 DW PAS CHERE AU CAMEROUN"},"content":{"rendered":"<p>Technologie d&rsquo;impression Impression Laser couleur<\/p>\n<p> Fonctions Imprime uniquement<br \/>\n Cartouches d&rsquo;impression HP 203A noir (1400 pages) ; HP 203A Cyan ; Yellow ; Magenta (1300 pages)<br \/>\n Vitesse d&rsquo;impression Jusqu&rsquo;\u00e0 21 ppm<br \/>\n Qualit\u00e9 d&rsquo;impression Jusqu&rsquo;\u00e0 600 x 600 ppp<br \/>\n Cycle d&rsquo;utilisation Jusqu&rsquo;\u00e0 40 000 pages (mensuel, A4)<br \/>\n Connectivit\u00e9 USB 2.0 ; WI-FI ; Gigabit Ethernet RJ45<br \/>\n Impression recto\/verso oui<br \/>\n Processeur 800 MHz<br \/>\n M\u00e9moire 128 Mo<br \/>\n Capacit\u00e9 bac papier bac multifonction de 250 feuilles<br \/>\n Formats de supports pris en charge Bac universel 1 : A4, A5, A6, B5 (JIS), B6 (JIS), RA4, 10 x 15 cm, enveloppe (ISO DL, ISO C5, ISO C6, ISO B5)<br \/>\n Ecran Ecran LCD noir\/blanc<br \/>\n Types de support pris en charge Enveloppes, papier uni, \u00e9tiquettes, papier recycl\u00e9, papier lourd, papier fin, cartes postales<br \/>\n Poids net 14.8 kg<br \/>\n C\u00e2ble fourni un c\u00e2ble USB non fourni<br \/>\n Consommation 381 w<\/p>\n","protected":false},"excerpt":{"rendered":"<p>Une imprimante laser couleur fiable et performante<\/p>\n<p> R\u00e9alisez toutes vos t\u00e2ches quotidiennes avec l&rsquo;imprimante HP Color LaserJet Enterprise M254dw ! Obtenez des vitesses d&rsquo;impression \u00e9lev\u00e9es, et notamment un temps de sortie de la premi\u00e8re page au top de sa cat\u00e9gorie. Avec une r\u00e9solution d&rsquo;impression de 600 x 600 ppp en couleur (idem en noir et blanc) et une vitesse d&rsquo;impression (en N&#038;B) de 38 ppm au format paysage, l&rsquo;imprimante laser couleur HP Color LaserJet Enterprise M254dw permet d&rsquo;ex\u00e9cuter rapidement les t\u00e2ches pour un rendu de qualit\u00e9.<\/p>\n<p> De plus, avec la connectivit\u00e9 avanc\u00e9e en Gigabit Ethernet et Wifi N vous pourrez imprimer rapidement depuis n&rsquo;importe o\u00f9. Aussi, vous b\u00e9n\u00e9ficierez de l&rsquo;impression recto-verso automatique.<\/p>\n","protected":false},"featured_media":8683,"template":"","meta":[],"product_cat":[204],"product_tag":[],"class_list":["post-8744","product","type-product","status-publish","has-post-thumbnail","hentry","product_cat-imprimante"],"yoast_head":"<!-- This site is optimized with the Yoast SEO plugin v19.9 - https:\/\/yoast.com\/wordpress\/plugins\/seo\/ -->\n<title>IMPRIMANTE DE MARQUE HP DE MODEL 254 DW PAS CHERE AU CAMEROUN - Dream Millenium Computer<\/title>\n<meta name=\"robots\" content=\"index, follow, max-snippet:-1, max-image-preview:large, max-video-preview:-1\" \/>\n<link rel=\"canonical\" href=\"https:\/\/affectionate-mestorf.212-227-211-20.plesk.page\/index.php\/product\/imprimante-de-marque-hp-de-model-254-dw-pas-chere-au-cameroun-2\/\" \/>\n<meta property=\"og:locale\" content=\"fr_FR\" \/>\n<meta property=\"og:type\" content=\"article\" \/>\n<meta property=\"og:title\" content=\"IMPRIMANTE DE MARQUE HP DE MODEL 254 DW PAS CHERE AU CAMEROUN - Dream Millenium Computer\" \/>\n<meta property=\"og:description\" content=\"Une imprimante laser couleur fiable et performante    R\u00e9alisez toutes vos t\u00e2ches quotidiennes avec l&#039;imprimante HP Color LaserJet Enterprise M254dw ! Obtenez des vitesses d&#039;impression \u00e9lev\u00e9es, et notamment un temps de sortie de la premi\u00e8re page au top de sa cat\u00e9gorie. Avec une r\u00e9solution d&#039;impression de 600 x 600 ppp en couleur (idem en noir et blanc) et une vitesse d&#039;impression (en N&amp;B) de 38 ppm au format paysage, l&#039;imprimante laser couleur HP Color LaserJet Enterprise M254dw permet d&#039;ex\u00e9cuter rapidement les t\u00e2ches pour un rendu de qualit\u00e9.    De plus, avec la connectivit\u00e9 avanc\u00e9e en Gigabit Ethernet et Wifi N vous pourrez imprimer rapidement depuis n&#039;importe o\u00f9. Aussi, vous b\u00e9n\u00e9ficierez de l&#039;impression recto-verso automatique.\" \/>\n<meta property=\"og:url\" content=\"https:\/\/affectionate-mestorf.212-227-211-20.plesk.page\/index.php\/product\/imprimante-de-marque-hp-de-model-254-dw-pas-chere-au-cameroun-2\/\" \/>\n<meta property=\"og:site_name\" content=\"Dream Millenium Computer\" \/>\n<meta name=\"twitter:card\" content=\"summary_large_image\" \/>\n<meta name=\"twitter:label1\" content=\"Dur\u00e9e de lecture estim\u00e9e\" \/>\n\t<meta name=\"twitter:data1\" content=\"1 minute\" \/>\n<script type=\"application\/ld+json\" class=\"yoast-schema-graph\">{\"@context\":\"https:\/\/schema.org\",\"@graph\":[{\"@type\":\"WebPage\",\"@id\":\"https:\/\/affectionate-mestorf.212-227-211-20.plesk.page\/index.php\/product\/imprimante-de-marque-hp-de-model-254-dw-pas-chere-au-cameroun-2\/\",\"url\":\"https:\/\/affectionate-mestorf.212-227-211-20.plesk.page\/index.php\/product\/imprimante-de-marque-hp-de-model-254-dw-pas-chere-au-cameroun-2\/\",\"name\":\"IMPRIMANTE DE MARQUE HP DE MODEL 254 DW PAS CHERE AU CAMEROUN - Dream Millenium Computer\",\"isPartOf\":{\"@id\":\"https:\/\/affectionate-mestorf.212-227-211-20.plesk.page\/#website\"},\"datePublished\":\"2022-05-22T18:33:41+00:00\",\"dateModified\":\"2022-05-22T18:33:41+00:00\",\"breadcrumb\":{\"@id\":\"https:\/\/affectionate-mestorf.212-227-211-20.plesk.page\/index.php\/product\/imprimante-de-marque-hp-de-model-254-dw-pas-chere-au-cameroun-2\/#breadcrumb\"},\"inLanguage\":\"fr-FR\",\"potentialAction\":[{\"@type\":\"ReadAction\",\"target\":[\"https:\/\/affectionate-mestorf.212-227-211-20.plesk.page\/index.php\/product\/imprimante-de-marque-hp-de-model-254-dw-pas-chere-au-cameroun-2\/\"]}]},{\"@type\":\"BreadcrumbList\",\"@id\":\"https:\/\/affectionate-mestorf.212-227-211-20.plesk.page\/index.php\/product\/imprimante-de-marque-hp-de-model-254-dw-pas-chere-au-cameroun-2\/#breadcrumb\",\"itemListElement\":[{\"@type\":\"ListItem\",\"position\":1,\"name\":\"Home\",\"item\":\"https:\/\/affectionate-mestorf.212-227-211-20.plesk.page\/\"},{\"@type\":\"ListItem\",\"position\":2,\"name\":\"Shop\",\"item\":\"https:\/\/affectionate-mestorf.212-227-211-20.plesk.page\/index.php\/shop\/\"},{\"@type\":\"ListItem\",\"position\":3,\"name\":\"IMPRIMANTE DE MARQUE HP DE MODEL 254 DW PAS CHERE AU CAMEROUN\"}]},{\"@type\":\"WebSite\",\"@id\":\"https:\/\/affectionate-mestorf.212-227-211-20.plesk.page\/#website\",\"url\":\"https:\/\/affectionate-mestorf.212-227-211-20.plesk.page\/\",\"name\":\"Dream Millenium Computer\",\"description\":\"Vous servir, Notre R\u00eave\",\"potentialAction\":[{\"@type\":\"SearchAction\",\"target\":{\"@type\":\"EntryPoint\",\"urlTemplate\":\"https:\/\/affectionate-mestorf.212-227-211-20.plesk.page\/?s={search_term_string}\"},\"query-input\":\"required name=search_term_string\"}],\"inLanguage\":\"fr-FR\"}]}<\/script>\n<!-- \/ Yoast SEO plugin. -->","yoast_head_json":{"title":"IMPRIMANTE DE MARQUE HP DE MODEL 254 DW PAS CHERE AU CAMEROUN - Dream Millenium Computer","robots":{"index":"index","follow":"follow","max-snippet":"max-snippet:-1","max-image-preview":"max-image-preview:large","max-video-preview":"max-video-preview:-1"},"canonical":"https:\/\/affectionate-mestorf.212-227-211-20.plesk.page\/index.php\/product\/imprimante-de-marque-hp-de-model-254-dw-pas-chere-au-cameroun-2\/","og_locale":"fr_FR","og_type":"article","og_title":"IMPRIMANTE DE MARQUE HP DE MODEL 254 DW PAS CHERE AU CAMEROUN - Dream Millenium Computer","og_description":"Une imprimante laser couleur fiable et performante    R\u00e9alisez toutes vos t\u00e2ches quotidiennes avec l'imprimante HP Color LaserJet Enterprise M254dw ! Obtenez des vitesses d'impression \u00e9lev\u00e9es, et notamment un temps de sortie de la premi\u00e8re page au top de sa cat\u00e9gorie. Avec une r\u00e9solution d'impression de 600 x 600 ppp en couleur (idem en noir et blanc) et une vitesse d'impression (en N&B) de 38 ppm au format paysage, l'imprimante laser couleur HP Color LaserJet Enterprise M254dw permet d'ex\u00e9cuter rapidement les t\u00e2ches pour un rendu de qualit\u00e9.    De plus, avec la connectivit\u00e9 avanc\u00e9e en Gigabit Ethernet et Wifi N vous pourrez imprimer rapidement depuis n'importe o\u00f9. Aussi, vous b\u00e9n\u00e9ficierez de l'impression recto-verso automatique.","og_url":"https:\/\/affectionate-mestorf.212-227-211-20.plesk.page\/index.php\/product\/imprimante-de-marque-hp-de-model-254-dw-pas-chere-au-cameroun-2\/","og_site_name":"Dream Millenium Computer","twitter_card":"summary_large_image","twitter_misc":{"Dur\u00e9e de lecture estim\u00e9e":"1 minute"},"schema":{"@context":"https:\/\/schema.org","@graph":[{"@type":"WebPage","@id":"https:\/\/affectionate-mestorf.212-227-211-20.plesk.page\/index.php\/product\/imprimante-de-marque-hp-de-model-254-dw-pas-chere-au-cameroun-2\/","url":"https:\/\/affectionate-mestorf.212-227-211-20.plesk.page\/index.php\/product\/imprimante-de-marque-hp-de-model-254-dw-pas-chere-au-cameroun-2\/","name":"IMPRIMANTE DE MARQUE HP DE MODEL 254 DW PAS CHERE AU CAMEROUN - Dream Millenium Computer","isPartOf":{"@id":"https:\/\/affectionate-mestorf.212-227-211-20.plesk.page\/#website"},"datePublished":"2022-05-22T18:33:41+00:00","dateModified":"2022-05-22T18:33:41+00:00","breadcrumb":{"@id":"https:\/\/affectionate-mestorf.212-227-211-20.plesk.page\/index.php\/product\/imprimante-de-marque-hp-de-model-254-dw-pas-chere-au-cameroun-2\/#breadcrumb"},"inLanguage":"fr-FR","potentialAction":[{"@type":"ReadAction","target":["https:\/\/affectionate-mestorf.212-227-211-20.plesk.page\/index.php\/product\/imprimante-de-marque-hp-de-model-254-dw-pas-chere-au-cameroun-2\/"]}]},{"@type":"BreadcrumbList","@id":"https:\/\/affectionate-mestorf.212-227-211-20.plesk.page\/index.php\/product\/imprimante-de-marque-hp-de-model-254-dw-pas-chere-au-cameroun-2\/#breadcrumb","itemListElement":[{"@type":"ListItem","position":1,"name":"Home","item":"https:\/\/affectionate-mestorf.212-227-211-20.plesk.page\/"},{"@type":"ListItem","position":2,"name":"Shop","item":"https:\/\/affectionate-mestorf.212-227-211-20.plesk.page\/index.php\/shop\/"},{"@type":"ListItem","position":3,"name":"IMPRIMANTE DE MARQUE HP DE MODEL 254 DW PAS CHERE AU CAMEROUN"}]},{"@type":"WebSite","@id":"https:\/\/affectionate-mestorf.212-227-211-20.plesk.page\/#website","url":"https:\/\/affectionate-mestorf.212-227-211-20.plesk.page\/","name":"Dream Millenium Computer","description":"Vous servir, Notre R\u00eave","potentialAction":[{"@type":"SearchAction","target":{"@type":"EntryPoint","urlTemplate":"https:\/\/affectionate-mestorf.212-227-211-20.plesk.page\/?s={search_term_string}"},"query-input":"required name=search_term_string"}],"inLanguage":"fr-FR"}]}},"_links":{"self":[{"href":"https:\/\/affectionate-mestorf.212-227-211-20.plesk.page\/index.php\/wp-json\/wp\/v2\/product\/8744","targetHints":{"allow":["GET"]}}],"collection":[{"href":"https:\/\/affectionate-mestorf.212-227-211-20.plesk.page\/index.php\/wp-json\/wp\/v2\/product"}],"about":[{"href":"https:\/\/affectionate-mestorf.212-227-211-20.plesk.page\/index.php\/wp-json\/wp\/v2\/types\/product"}],"wp:featuredmedia":[{"embeddable":true,"href":"https:\/\/affectionate-mestorf.212-227-211-20.plesk.page\/index.php\/wp-json\/wp\/v2\/media\/8683"}],"wp:attachment":[{"href":"https:\/\/affectionate-mestorf.212-227-211-20.plesk.page\/index.php\/wp-json\/wp\/v2\/media?parent=8744"}],"wp:term":[{"taxonomy":"product_cat","embeddable":true,"href":"https:\/\/affectionate-mestorf.212-227-211-20.plesk.page\/index.php\/wp-json\/wp\/v2\/product_cat?post=8744"},{"taxonomy":"product_tag","embeddable":true,"href":"https:\/\/affectionate-mestorf.212-227-211-20.plesk.page\/index.php\/wp-json\/wp\/v2\/product_tag?post=8744"}],"curies":[{"name":"wp","href":"https:\/\/api.w.org\/{rel}","templated":true}]}}